61 a composite number?
False
Is 438244831 composite?
False
Is 2139691439 a composite number?
False
Is 175216889 a composite number?
False
Is 815888273 composite?
False
Is 38258060609 prime?
False
Is 50208334937 composite?
True
Is 272020387 prime?
True
Is 898235221 a composite number?
True
Is 9610657943 prime?
True
Is 4895059333 composite?
True
Is 62643963097 prime?
True
Is 8590149863 composite?
False
Is 287734757 composite?
False
Is 10222795553 prime?
True
Is 1791738259 a prime number?
False
Is 1337212643 composite?
True
Is 1016077705 prime?
False
Is 102031451177 prime?
True
Is 1135533929 a composite number?
False
Is 42626199383 a composite number?
True
Is 47825287301 a composite number?
True
Is 589364207 composite?
False
Is 99823879 prime?
True
Is 4918049207 a composite number?
False
Is 37540188463 a composite number?
False
Is 412924753 a prime number?
True
Is 4353557329 prime?
False
Is 156456800011 composite?
True
Is 506178161 prime?
True
Is 25813970617 a composite number?
False
Is 7090711429 composite?
True
Is 10608185669 a composite number?
False
Is 396439003 a composite number?
False
Is 66989195993 composite?
False
Is 36173788693 a composite number?
True
Is 34928947243 prime?
True
Is 80378229259 composite?
True
Is 1171818469 a composite number?
True
Is 1137860369 a prime number?
True
Is 923447333 prime?
True
Is 21273488273 a prime number?
True
Is 557618179 a prime number?
True
Is 21606284747 composite?
True
Is 1851988907 composite?
True
Is 22871610847 composite?
True
Is 25856923057 prime?
False
Is 9499153529 a composite number?
True
Is 851183491 a prime number?
True
Is 536435059 composite?
True
Is 97762046097 a prime number?
False
Is 4440071017 composite?
True
Is 6556813643 a prime number?
True
Is 3531338849 a composite number?
False
Is 8754461431 prime?
True
Is 36106177 a prime number?
True
Is 168423179 a composite number?
False
Is 7005581227 a composite number?
False
Is 14224032913 a prime number?
False
Is 19916192851 composite?
True
Is 3021206673 prime?
False
Is 293909937 composite?
True
Is 634405619 a composite number?
True
Is 2334535517 prime?
True
Is 1431497603 a composite number?
True
Is 225213787 composite?
True
Is 413012513 composite?
True
Is 6495487909 a composite number?
False
Is 815120923 a prime number?
True
Is 3862052633 composite?
True
Is 6757995757 composite?
False
Is 1017874933 composite?
True
Is 1548909533 a prime number?
False
Is 36721558403 composite?
False
Is 7780580215 a prime number?
False
Is 794294383 a composite number?
True
Is 539597671403 composite?
True
Is 1388531453 prime?
False
Is 747418261 composite?
False
Is 142145867 prime?
True
Is 11815190041 a prime number?
True
Is 2853194599 a composite number?
False
Is 3200447177 a prime number?
True
Is 108789367 a prime number?
True
Is 31352101783 a prime number?
True
Is 7120033703 prime?
False
Is 92440436561 a prime number?
False
Is 1485002723 prime?
False
Is 623721353 prime?
False
Is 17400345499 a prime number?
False
Is 142539248741 a prime number?
True
Is 10075003633 a prime number?
True
Is 76180394117 composite?
False
Is 793869158 a composite number?
True
Is 3660907919 prime?
True
Is 122372341757 a prime number?
False
Is 125146249 a prime number?
True
Is 52283282413 prime?
True
Is 30447794771 a composite number?
False
Is 2761775323 a composite number?
True
Is 30408923453 a composite number?
True
Is 3221324879 prime?
False
Is 516898627 composite?
True
Is 13532548853 a prime number?
False
Is 143427601 a composite number?
True
Is 222225569 a prime number?
True
Is 1469427874 a composite number?
True
Is 7482352879 a prime number?
True
Is 4235294663 prime?
False
Is 4907889547 composite?
True
Is 2558061803 prime?
False
Is 572628733 composite?
True
Is 82101056041 prime?
False
Is 4788344809 composite?
False
Is 9157610359 composite?
False
Is 55048577147 prime?
False
Is 145234239451 a prime number?
False
Is 35607663533 composite?
True
Is 5496791493 prime?
False
Is 47472736261 a prime number?
False
Is 9915163066 a prime number?
False
Is 71548741877 a composite number?
False
Is 1646494211 prime?
True
Is 31393267567 prime?
False
Is 244333211 a composite number?
False
Is 45470992069 a composite number?
False
Is 89873100689 composite?
False
Is 2539554229 a composite number?
False
Is 438728243 composite?
True
Is 5753736089 a prime number?
True
Is 1767479573 prime?
True
Is 118219101787 a prime number?
False
Is 282891811 composite?
True
Is 26918667917 composite?
True
Is 124348633 prime?
False
Is 171789797 a prime number?
True
Is 9614206697 prime?
False
Is 2654566049 a prime number?
False
Is 48688859 composite?
True
Is 12849587185 composite?
True
Is 15440034233 a prime number?
False
Is 6905079413 a prime number?
True
Is 5608243111 prime?
False
Is 77067463 prime?
False
Is 482419463 a prime number?
False
Is 800735267 composite?
True
Is 735456985 composite?
True
Is 729284449 prime?
False
Is 23006691109 prime?
False
Is 209636377 a composite number?
False
Is 79337470117 composite?
True
Is 4675582523 prime?
True
Is 257536229 composite?
False
Is 76308923 prime?
False
Is 92605636439 composite?
False
Is 10411134737 prime?
False
Is 2058817741 composite?
True
Is 53239283011 composite?
True
Is 2118797183 composite?
False
Is 4496638459 composite?
False
Is 36203290537 prime?
True
Is 3193352153 prime?
False
Is 651157627 a composite number?
True
Is 16668053023 prime?
True
Is 78882325913 composite?
False
Is 79405551193 prime?
True
Is 506783279 a composite number?
True
Is 273517709 a composite number?
True
Is 300080491 a prime number?
True
Is 1745928313 a prime number?
True
Is 105267213283 composite?
False
Is 89015983 prime?
False
Is 169685179 a composite number?
False
Is 510851239 composite?
True
Is 18790626289 composite?
True
Is 51178133801 composite?
True
Is 2745533411 a composite number?
True
Is 31846208869 composite?
True
Is 4128564887 a composite number?
False
Is 42861185743 prime?
True
Is 277182738277 a composite number?
False
Is 4443753913 prime?
False
Is 22375512989 a composite number?
False
Is 1702570693 a composite number?
True
Is 12846150442 prime?
False
Is 43039303007 a composite number?
False
Is 1661968043 composite?
False
Is 4617317023 composite?
True
Is 326673493 a composite number?
False
Is 7050072851 composite?
False
Is 20367024935 composite?
True
Is 27200264401 a prime number?
False
Is 145135480733 a prime number?
True
Is 24143957537 composite?
True
Is 7890729311 prime?
True
Is 23375491303 a composite number?
True
Is 59384156851 a composite number?
False
Is 2551381577 composite?
False
Is 36874153421 prime?
False
Is 382754089 a prime number?
False
Is 27136768019 a prime number?
True
Is 17815507033 a prime number?
True
Is 2996348767 prime?
False
Is 107564210287 prime?
True
Is 300098391 prime?
False
Is 4068044777 prime?
True
Is 1979995361 a prime number?
True
Is 1121968711 composite?
True
Is 5924666309 prime?
True
Is 44706545438 composite?
True
Is 15604306271 composite?
False
Is 1650105377 a prime number?
False
Is 531789517 prime?
False
Is 7579745447 prime?
True
Is 2086440487 a prime number?
True
Is 165552391 prime?
False
Is 924358783 composite?
True
Is 520187191 a prime number?
True
Is 15051507139 a composite number?
True
Is 13328308403 composite?
True
Is 7798664477 a prime number?
True
Is 10913943061 composite?
True
Is 393403427 a composite number?
True
Is 230813100307 a prime number?
True
Is 7684826971 composite?
False
Is 4992377389 a composite number?
False
Is 11455771339 composite?
False
Is 10998679711 prime?
True
Is 1250926367 composite?
True
Is 27648677081 composite?
False
Is 60047767289 a composite number?
False
Is 4178898947 a prime number?
True
Is 706833353 a prime number?
True
Is 58898433491 prime?
True
Is 8594196823 composite?
False
Is 16480133491 composite?
False
Is 3375870653 prime?
True
Is 1321210549 a composite number?
True
Is 18559349873 composite?
False
Is 114000233 a composite number?
False
Is 1039274609 prime?
False
Is 2947091981 prime?
True
Is 22723911913 a composite number?
True
Is 160490971 prime?
True
Is 29309326589 prime?
True
Is 1516951211 a prime number?
False
Is 975920509 a composite number?
False
Is 2729096543 a prime number?
True
Is 1440940169 composite?
True
Is 1303191979 a prime number?
False
Is 5819963801 a prime number?
False
Is 7433764361 prime?
